2*a + 8*a = 3*f - 285. Calculate the remainder when 3269 is divided by f.
108
Suppose 1272 + 2292 = 9*b. What is the remainder when 1592 is divided by b?
8
Suppose 1170 = 14*m + 162. Suppose -2*x + 1194 = -2*i, -m*x + 67*x + 2*i + 2982 = 0. What is the remainder when x is divided by 23?
21
Suppose 103*q - 30040 = -4496. What is the remainder when q is divided by 183?
65
Suppose -123*i = -8850 - 23622. Calculate the remainder when i is divided by 13.
4
Suppose -25*o = -2059 + 334. What is the remainder when o is divided by 4/(-18) - 820/(-45)?
15
Suppose 3*q + 15*z = 11*z - 14, 0 = 5*q + z - 5. Suppose q*f - 409 = -287. Calculate the remainder when f is divided by 32.
29
Let q = 773 - 579. What is the remainder when 232 is divided by q?
38
Let o be 3596/(-155)*((-30)/(-4))/3. Let n = o - -85. What is the remainder when 348 is divided by n?
24
Let c be 4/6*(2 + 1). Suppose -c*w - 168 = -4*w. Let o = w - 40. What is the remainder when o is divided by 15?
14
Let l(n) = -402*n**3 - 22*n - 23. Let y be l(-1). Let d = y - 393. What is the remainder when d is divided by 2?
0
Suppose -4*x = 3*f - 2*x - 653, -5*x = 4*f - 873. What is the remainder when 1096 is divided by f?
11
Suppose -2*i - 4*c + 260 = 0, 3*c + c + 300 = 2*i. Let f = i - 120. What is the remainder when 416 is divided by f?
16
Let h(l) = 18*l**2 + 4*l - 1. What is the remainder when h(4) is divided by 119*(-114)/665*15/(-9)?
31
Let v(z) = 29*z - 1. Let d(a) = -2*a**2 + 61*a - 114*a + 55*a + 4 + a**3. Calculate the remainder when v(6) is divided by d(4).
41
Let g be 3 - (-3 - 12*15). Let k = g - 105. Calculate the remainder when k is divided by 1632/34 - (2 + 4).
39
Let u(n) = n**2 - 44*n - 156. Calculate the remainder when 8456 is divided by u(-4).
32
Suppose 3*k = -2017 + 2281. Calculate the remainder when k is divided by 13.
10
Suppose 5*h - 90 - 675 = 0. Calculate the remainder when h is divided by 32.
25
Suppose 4*p + 8 = s - 19, -3*s = -5*p - 46. Let m = s - -5. Let h = 67 + -46. What is the remainder when h is divided by m?
9
Let b(d) = 141*d + 1663. What is the remainder when b(7) is divided by 20?
10
Let z(o) = -o**3 + 38*o**2 - 7*o - 373. Calculate the remainder when z(36) is divided by 164.
163
Let c = -17 - -30. Let t = -170 + 148. Let m = 14 - t. What is the remainder when m is divided by c?
10
Suppose 45 = c - 43. Suppose -4*v + c = 4*j, 2*j + 42 = 3*v - j. Calculate the remainder when 33 is divided by v.
15
Let b(h) = 24*h + 10. Let i be b(-10). What is the remainder when -64 - -72 - i/2 is divided by 40?
3
Let b(z) = 110*z**2 + 3*z + 14. Calculate the remainder when b(-2) is divided by 113.
109
Let h(g) = 124*g - 1082. Calculate the remainder when 302 is divided by h(9).
30
Suppose 0*z + 2*z = 100. Let q = 75984 - 75954. Calculate the remainder when z is divided by q.
20
What is the remainder when 590 is divided by (-1190)/(-7) - (6 + (-9 - -1))?
74
Let k = 879 + -871. Calculate the remainder when 19 is divided by 1426/155 + k/10.
9
Let g = 413 - 210. What is the remainder when g is divided by (-17)/(-2*1/6 - 0)?
50
Let o = 230 + -281. Let t = o + 89. What is the remainder when 224 is divided by t?
34
Let k = 12269 - 8482. What is the remainder when k is divided by 5?
2
Calculate the remainder when (-27 + -1)*(7 + 0 - 8)*19 is divided by 49.
42
Let r = 316 - 184. Suppose 5*l + 0 = -5, 4*u + 4*l - r = 0. Calculate the remainder when u is divided by 6.
4
Let j be (-6)/(-15) - 882/(-70). Suppose d + z = j, 4*z + 5 = -2*d + 23. Calculate the remainder when 99 is divided by d.
14
Let z be 12/(-36) - 68/3. Let b(n) = n**2 + 22*n + 27. Let h(u) = u**3 - u**2 + 17. What is the remainder when b(z) is divided by h(0)?
16
Suppose 0 = 5*p - 7*p - 34. Let w = p + 19. What is the remainder when (2 + -19 + -1)*w/(-3) is divided by 6?
0
Suppose 14339 - 2950 + 6980 = 471*q. Let y(t) = 38*t. Suppose -3*w = 3 - 9. What is the remainder when y(w) is divided by q?
37
Suppose -5*k = 25, 3*i - 5*k + 380 = 8*i. Suppose -11 = 10*s - i. Calculate the remainder when 18 is divided by s.
4
Let d = 26333 - 26282. Suppose 3 + 1 = 2*q. Suppose 0 = q*c - 3*c + 20. What is the remainder when d is divided by c?
11
Let u(j) = -11*j**3 + 2*j**2 - 26*j - 76. What is the remainder when u(-3) is divided by 82?
71
Let x = -31 - -5. Let b = x + 33. What is the remainder when 5 - (-84)/(-20) - 243/(-15) is divided by b?
3
Suppose -5*b = j + 75, 2*b = 4*b + j + 27. Let v = 38 + b. Calculate the remainder when v is divided by 1/((-3)/72*-4).
4
Suppose 9 = 10*m - 7*m. Suppose 5*j - 6*l + m*l = 55, -4*j - 2*l = -66. Calculate the remainder when -30*9/((-315)/28) is divided by j.
10
Let t = 49 + -45. Suppose t*j + 0*g = -2*g + 6, g = 3. Suppose j = 6*s - 3*s - 81. What is the remainder when s is divided by 10?
7
Let j(c) be the first derivative of -51*c**2/2 + 171*c - 253. Let z = 5 - -6. What is the remainder when j(3) is divided by z?
7
Let y = 10036 + -2728. Calculate the remainder when y is divided by 215.
213
Let x = 829 + -800. Calculate the remainder when x is divided by 3*((-30)/(-9) - 0).
9
Let v(l) = 2*l**3 + 12*l**2 - l + 4. Let c be v(-7). What is the remainder when c/(-17) + -4*(-5)/(-170) is divided by 2?
1
Let k(u) = 39*u + 3825. What is the remainder when k(-91) is divided by 168?
108
Let o(a) = 4*a**3 - 4*a**2 + 7*a + 14. Let l(s) = -3*s**3 + 3*s**2 - 8*s - 14. Let x(f) = -5*l(f) - 4*o(f). What is the remainder when x(-4) is divided by 26?
20
Let z(x) be the third derivative of x**4/24 + 25*x**3/6 - 46*x**2. What is the remainder when 121 is divided by z(7)?
25
Let y = 11247 - 10303. What is the remainder when 1891 is divided by y?
3
Let s(a) = 3*a + 826. Calculate the remainder when s(-64) is divided by 34.
22
Let v = 75 - 68. Suppose 0 = -v*f + 9*f + 16. Let t = 7 - f. Calculate the remainder when 84 is divided by t.
9
Suppose 264 = 3*s + 2*v, -25*s + 5*v + 375 = -21*s. Suppose 5*x = m + s + 79, -112 = -4*x - 5*m. Calculate the remainder when 765/6 - 5/(-10) is divided by x.
29
Calculate the remainder when 199*(-2 + 1)/(-1)*(-26 + 28) is divided by 50.
48
Suppose -47 = -4*u + 81. Let c = -342 + 354. Calculate the remainder when u/((-3)/(-3)) - -2 is divided by c.
10
Let p be 1 + 1 + (-3 - -109). Let u = 158 - p. Let t = -16 + 30. What is the remainder when u is divided by t?
8
Suppose 7*n + 37 - 93 = 0. What is the remainder when 717 is divided by n?
5
Let h = 86 + 49. Suppose 6*c - h = c. Calculate the remainder when (-8)/(-6) + -1114*44/(-264) is divided by c.
25
What is the remainder when 918 is divided by 36 + 272/(-3 + -14)?
18
What is the remainder when 6516/60 + -4*(-5)/50 is divided by (-1)/(-4)*(89 - 13)?
14
Let g(w) = -18*w - 5. Let b be g(2). Let n = 48 + b. Suppose o - n - 30 = 0. Calculate the remainder when o is divided by 19.
18
Suppose -295 - 530 = -x. Suppose 10*g = -g + x. What is the remainder when g is divided by (-2)/((-3)/(40 - 1))?
23
Suppose 522 = 2*n - 0*n. Suppose 4*c = 5*o + 832 - 578, 5*c - 385 = -5*o. Calculate the remainder when n is divided by c.
48
Let z = 39967 + -39954. Let w(o) = 4*o + 7. What is the remainder when w(11) is divided by z?
12
Let g(l) = -l**2 - 4*l + 4. Let h(m) = -m**2 - 3*m + 5. Let w(t) = 7*g(t) - 6*h(t). What is the remainder when (-15)/(-90) - (-245)/6 is divided by w(-8)?
13
Suppose 3*b = 5*i + 242, -5*i - 63 - 1 = -b. Suppose 2*q + 21 - b = 0. Calculate the remainder when 94 is divided by q.
26
Suppose 5 - 60 = 11*u. What is the remainder when 96 is divided by 54/(-10) - u - (-1008)/20?
46
Suppose -4*w + 81 = 1. Suppose w = -4*x, 4*f - x - 10 = 11. What is the remainder when 50 is divided by 2/f*(5 - -29)?
16
Let o(h) = 403*h + 406. What is the remainder when o(1) is divided by 7?
4
Suppose 0 = 2*d + 17*u - 15*u - 1108, 0 = 5*d + 2*u - 2794. What is the remainder when 581 is divided by d?
19
Let p(f) = f**2 - 6*f + 154. Calculate the remainder when p(26) is divided by 299.
76
Suppose -29*r + 14541 + 10840 - 5139 = 0. What is the remainder when r is divided by 198?
104
Suppose 374*b - 2256 = 380*b. Let f = 400 + b. What is the remainder when 81 is divided by f?
9
Let f be (7 + -7 + -33)*(1 - 2). Let o = f - 12. Let w = 36 - o. What is the remainder when 59 is divided by w?
14
Let r = 315 + -271. Suppose -2*j - 5*f = 2*j - 20, 5*j - 3*f - 62